 Let g be v(-15). Let w be (-20)/g*(0 - -2). Calculate t(w).
-5
Let q(z) = z - 2. Let i = -6 + 11. Suppose 3*k + 23 = i. Let n = k + 9. What is q(n)?
1
Let q(y) = -4*y - 10. Let k(s) = 5*s + 14. Let g(j) = -3*k(j) - 4*q(j). What is g(9)?
7
Let z(m) = -m + 34. Let b(n) = 2*n**2 - 28*n - 14. Let u be b(15). Determine z(u).
18
Let o be 1 + 1 - (2 + -4). Suppose -o*r + 4*y - 3 = r, -7 = -r - 3*y. Let g(s) = -4*s**2 + s - 1. What is g(r)?
-4
Let n(r) = -r**2 - r**3 + 5 + 1 + 0*r**3 + 3*r**3 - 3*r**3. Determine n(0).
6
Let c(s) be the first derivative of s**3/3 - 7*s**2/2 - 4*s + 112. Calculate c(6).
-10
Let a(h) = h**2 + 1 - 9 + 1 + 4*h - 9*h. Determine a(5).
-7
Let h(o) be the first derivative of -11*o**2 - 2*o + 3*o + 21*o**2 - 11*o**2 - 2. Give h(-1).
3
Suppose 0 = -4*l - 47 - 161. Let w be (6/15)/(l/(-20) - 3). Let a(j) = -4*j**2 - j. What is a(w)?
-3
Let c(w) = w - 3. Let t be -1 + (-5 + 3)*-32. Suppose 5*u + 4*o - 101 = 0, o - 4*o + t = 3*u. Let x(v) = -3*v + 9. Let y(n) = u*c(n) + 6*x(n). Give y(8).
-5
Let s be -2*(-2 + (4 - 3)). Let m(t) = -s*t**2 - 5*t**2 - 2*t**2 - t. Give m(1).
-10
Suppose -o = o - 4*r - 80, -135 = -5*o - 3*r. Suppose -3*m - 3*m = o. Let n(b) = b**3 + 3*b**2 - 7*b - 3. What is n(m)?
-18
Suppose -26 = 2*g - 2*j + 2, 3*j - 14 = g. Let u be (g/(-49))/((-1)/(-14)). Let c(x) = -x + 3. Give c(u).
-1
Let f(t) = t**3 - 6*t**2 - 6*t + 1. Let o(p) = -5*p**2 - 5*p + 1. Let w(k) = -4*f(k) + 5*o(k). Let v be (-1 - 0 - -13) + 69/(-23). Let z = 10 - v. Give w(z).
-5
Let l(k) = -2*k**3 + 19*k**2 - 36*k + 2. Let n(j) = j**3 - 10*j**2 + 20*j - 1. Let m(v) = -6*l(v) - 11*n(v). Give m(3).
-22
Let c(g) = -6*g. Let k be (-16)/(-56) - (-657)/(-21). Let h = k + 29. Give c(h).
12
Let n(i) = -5*i + 39*i - 80*i + 45*i. Determine n(6).
-6
Suppose 15*t + 90 = -0*t. Let n(c) = -c**3 - 11*c**2 - 33*c - 9. Let d be n(t). Let l(k) = -k + 9. What is l(d)?
0
Let z(r) = r**3 + 4*r**2 - 6*r - 1. Let h(j) = j**2 - 7*j - 4. Let s be h(8). Let d be 3/1 + (-4)/s. Suppose d*n = 4*f + 5 + 9, -5*n = 4*f + 35. Calculate z(f).
4
Let y(g) = 4*g**2 + g**3 - 3*g + 519 - 260 - 261. Give y(-4).
10
Suppose 6*x - 2*x = 36. Suppose -28 = 13*v - x*v. Let k = -14 - v. Let m(h) = h + 7. Calculate m(k).
0
Let t(x) = -x - 11. Let g(c) = c**3 - 15*c**2 - 17*c + 10. Suppose 6*h - 2*h - 64 = 0. Let y be g(h). What is t(y)?
-5
Let n(f) = -4*f + 11. Let m(o) = o**3 + 13*o**2 + 35*o - 1. Let p be m(-9). What is n(p)?
-21
Let b(t) = -11*t - 15. Let v(n) = 15 + 14 + 4*n - 24. Let k(f) = -3*b(f) - 8*v(f). Determine k(-3).
2
Suppose -2*s + 2*l = -2*l - 22, 0 = -4*l + 16. Suppose 29 + s = 12*o. Let z(t) be the first derivative of -t**2/2 - 3*t - 1. What is z(o)?
-7
Let b(d) = d**2 - 18*d + 10. Suppose -2*w - w = 5*a - 54, 0 = -4*w - 4*a + 72. Calculate b(w).
10
Let x(q) be the third derivative of -q**6/120 - 7*q**5/60 + 5*q**4/24 - 4*q**3/3 - 18*q**2 - 7*q. Determine x(-8).
16
Let g(p) = -p**2 + 14*p + 9. Let u = 8 - -7. Give g(u).
-6
Let x(l) be the third derivative of l**6/120 + l**5/10 + 7*l**4/24 + 2*l**3/3 - 76*l**2 - 2. Give x(-4).
8
Let x(f) = -9 + 6*f - 2*f + 2 - 3 + 3*f. Determine x(4).
18
Let o(h) = 9 - 9 + 8*h. Let b(a) = -a**3 - 2*a**2 + 8*a + 4. Let q be b(-4). Suppose q*g = -c + 5, 12 - 3 = 4*c + 5*g. Calculate o(c).
8
Let z be -4*(-30)/(-24) + -1. Let y(u) = u**3 + 6*u**2 - 3*u - 1. Determine y(z).
17
Let c(w) be the second derivative of -w**3/6 - w**2 + 51*w + 2. Give c(-7).
5
Let r(w) be the first derivative of -w**3/3 - 7*w**2/2 - 7*w + 1. Let d(i) = i**2 + 29*i + 26. Let u be d(-22). Let m = u - -122. Determine r(m).
-1
Let w(v) = 15*v. Suppose -2*c = 2*c + 2*y - 2, -3*y = 3*c. What is w(c)?
15
Let j be (12/20)/(5/(-25)). Let x be (4 + j + 3)/(5 - 3). Let s(d) = -5*d + 1. Give s(x).
-9
Let z = 239 - 247. Let q(t) = t**2 + 10*t + 9. Give q(z).
-7
Let c be 2 + (20 - 0)/2. Let h(x) = -c*x + 7*x + 0*x**2 + x**2 - 1 + 6. Give h(6).
11
Let f(v) = -5*v**2 + 2348*v - v**3 - 2350*v - 3 + 3*v**2. Calculate f(-2).
1
Let b(x) = x**3 - x**2 + x. Let u(p) = 7*p**3 - 4*p**2 + 6*p - 1. Suppose -4 = -3*v + 4*v - 3*n, -5*v - 2*n = 3. Let f(l) = v*u(l) + 6*b(l). Determine f(1).
-2
Let g be (0 - (-6)/4)/((-33)/22). Let v(p) = 6*p - 5*p + 4*p. What is v(g)?
-5
Let l(b) = -6*b**3 + 7*b**2 + b + 1. Let f(a) = 5*a**3 - 6*a**2 - a - 1. Let z(v) = 7*f(v) + 6*l(v). Let y be ((-1)/4)/(6 - (-207)/(-36)). What is z(y)?
1
Let i(m) = -5*m + 2. Let w(z) = -20*z + 8. Let r(u) = 3*i(u) - w(u). Calculate r(6).
28
Let o(j) = j**2 + 14*j - 1. Let v = 0 - 14. Calculate o(v).
-1
Suppose a - 7 = 4*z - 24, -z - 43 = 5*a. Let f(x) = -x**2 - 9*x - 10. Determine f(a).
-10
Let r be (-28)/(-15) + (-18)/(-135). Let h(y) = 6*y**2 + 1 + 0 + y - y**3 + r*y**2 - 9*y**2. Give h(-1).
0
Let s(o) be the second derivative of -o**5/20 - o**4/3 + o**3/2 + o**2/2 + o + 2. What is s(-4)?
-11
Let z = 611 - 616. Let b(v) = -v - 15. What is b(z)?
-10
Let m(c) = -9*c**3 + 25*c**2 + 17*c + 19. Let u(l) = -5*l**3 + 13*l**2 + 9*l + 10. Let j(x) = 4*m(x) - 7*u(x). Calculate j(10).
-44
Suppose u - 5 = b, -3*u + 17 = -4*b - 4. Let q(f) be the third derivative of 0*f - 7*f**2 + 0 - 1/6*f**3 - 1/24*f**4. Give q(b).
5
Let t(i) = -16 - 5 + 14*i + 3*i - 12*i - 8*i**2 - i**3. Determine t(-9).
15
Let t(h) = h**2 + 9*h - 6. Suppose -24*a = 19*a + 387. Calculate t(a).
-6
Let o be (-416)/64 - 14/(-4). Let j(t) be the first derivative of -t**4/24 - t**3/3 - t**2 - 2. Let d(y) be the second derivative of j(y). Give d(o).
1
Let g(j) = j**3 + 10*j**2 - 10*j + 9. Let l be (-88)/(-4)*(-1)/2. What is g(l)?
-2
Let g(u) be the second derivative of -1/2*u**2 + 41*u + 0 - 1/6*u**3. Give g(5).
-6
Let b(j) = -j**3 - 3*j**2 - 4*j - 2. Suppose -27*d = -15*d + 36. Calculate b(d).
10
Let z be 6/4 + (-10)/4. Suppose -4*f + q + 4 = -29, 3*f + 5*q - 19 = 0. Let c(g) = 7*g + 11. Let t(s) = 2*s + 4. Let w(m) = f*t(m) - 3*c(m). Determine w(z).
4
Let l(p) = -8*p**2 + 2*p. Let n be 2 - -6 - 42/(49/7). Calculate l(n).
-28
Let o(g) = -3 - g**3 - 2*g**2 - 104*g - 3*g**2 + 102*g. Calculate o(-3).
-15
Let x be ((-14)/14)/(1 - 4/5). Let s = 0 - x. Let d(o) = -2*o**2 + 4*o + 5. Let i(k) = -k**2 + 2*k + 3. Let f(t) = 4*d(t) - 9*i(t). Determine f(s).
8
Let t(r) = 31*r**3 - r + 8*r**2 - 8 + 0*r + 26*r**3 - 56*r**3. Calculate t(-8).
0
Let y(r) = r**3 - 6*r**2 - 3*r - 3. Let f be 8*(-7 - 279/(-36)). What is y(f)?
-21
Let n(c) = -c - 1. Let d be (1 + -4)/(5/10). Let s be n(d). Let t(j) = j**3 + 6 + 0*j**2 - 2*j**3 - 19167*j + 4*j**2 + 19171*j. Determine t(s).
1
Let n(i) = 7*i + 2. Let l(t) = t + 1. Let h(f) = 5*l(f) - n(f). Let g(d) = 2*d - 3. Let a(k) = 4*g(k) + 3*h(k). Give a(4).
5
Let j be 2/(-1*6)*(-42)/28. Let y(a) be the first derivative of 1 + j*a**2 - 6*a. Give y(5).
-1
Let m(b) = 4*b + 25 - 19*b + 4*b + 9*b. Calculate m(18).
-11
Let k(f) = -f**2 + 7*f - 4. Suppose -5*t - 48 = -2*v, -96 = -4*v - t - t. Suppose -11*q + 15*q = v. What is k(q)?
2
Suppose 5 = -11*o + 6*o. Let i(a) be the first derivative of -7*a**4/2 + a - 9. Calculate i(o).
15
Let k(n) = -5*n - 2. Let p(y) = 19*y + 37. Let u(j) = 4*k(j) + p(j). Determine u(24).
5
Let w(u) = -5*u + 2. Suppose 2*y - 15 = -1. Suppose y + 5 = 2*h. Let z(o) = -4*o + 1. Let v(d) = h*z(d) - 5*w(d). Give v(-5).
-9
Let z(q) = -12*q**3 - 7*q**2 - 10. Let w(u) = -5*u**3 - 4*u**2 - 5. Let n(t) = 7*w(t) - 3*z(t). Calculate n(7).
-5
Let p = -74 + 76. Let d(t) be the second derivative of -2*t + 1/2*t**3 + 0 - 1/2*t**p. What is d(2)?
5
Let m(z) be the third derivative of -z**5/60 - z**2. Suppose -2*o - 2*o + 4*t - 4 = 0, -2*t = o + 1. Calculate m(o).
-1
Let o(j) be the third derivative of -5*j**2 - 1/120*j**6 + 7/24*j**4 + 0*j + 0 + 5/6*j**3 + 1/10*j**5. What is o(7)?
5
Let b(m) = -146*m - 8 + 28 + 70*m + 71*m. Determine b(7).
-15
Suppose -1 - 2 = -f. Let t(p) = -p**2 + 6*p - 2. Let m be t(f). Let g(d) = -28*d**3 + 62*d**3 - 7 - 6*d**2 - 6*d - 33*d**3. Give g(m).
0
Let b(c) = c**3 - c**2 + c - 3. Let p = 77 + -71. Suppose 5*j = -5*j + p*j. Give b(j).
-3
Let h(f) = -f**3 + 4*f**2 + 7*f + 2. Let i(d) = d + 10. Let y(b) = b**2 - 9*b + 3. Suppose u = 9 - 1. Let o be y(u). Let p be i(o). Give h(p).
12
Let t be ((-6)/(-9))/(3*(-1)/(-63)). Let d(g) = 13*g - t*g - 4 + 1 - 2. Give d(-6).
1
Let l(n) = 19*n - 9. Let c(y) = -2*y + 1. Let u(m) = -18*c(m) -